posite number?
True
Is 7609053497 composite?
True
Is 2198115235 a prime number?
False
Is 185678837 a composite number?
True
Is 3665107913 prime?
False
Is 95615674283 a prime number?
True
Is 23684646569 prime?
False
Is 1035376171 a prime number?
False
Is 677264983 prime?
False
Is 11321858363 a prime number?
True
Is 1954917827 a composite number?
True
Is 10718960341 prime?
True
Is 1441939451 a composite number?
True
Is 136018759 a prime number?
True
Is 236990371 a prime number?
True
Is 389989849 a composite number?
False
Is 7097690417 a prime number?
False
Is 308132387 a prime number?
True
Is 491076739 prime?
False
Is 39102888829 a prime number?
True
Is 51962604263 a prime number?
False
Is 77550171289 a prime number?
True
Is 50252515337 a prime number?
False
Is 1413517109 a composite number?
True
Is 2354993449 a composite number?
False
Is 1091202683 prime?
False
Is 802055521 a composite number?
True
Is 1881490081 a prime number?
True
Is 5066316809 composite?
False
Is 6083277049 prime?
True
Is 6582452153 composite?
True
Is 220253833 a composite number?
True
Is 480274057 a composite number?
False
Is 110528521 a composite number?
False
Is 19885117621 prime?
False
Is 144095379 prime?
False
Is 813236197 a prime number?
False
Is 1605560689 a composite number?
False
Is 991440059 prime?
False
Is 722428169 composite?
False
Is 8573035267 a prime number?
True
Is 49919231755 composite?
True
Is 12676016981 a prime number?
False
Is 1875424433 a prime number?
True
Is 426388285 composite?
True
Is 1241039573 composite?
True
Is 13188250201 composite?
True
Is 4007814901 a prime number?
True
Is 3310122839 composite?
True
Is 74523924177 composite?
True
Is 19094356511 composite?
False
Is 899711639 a composite number?
False
Is 5423905339 a composite number?
False
Is 27564906923 composite?
True
Is 340021039 a prime number?
True
Is 18106766387 prime?
True
Is 3879057811 a prime number?
True
Is 3892949359 a prime number?
False
Is 2031891073 a prime number?
False
Is 45060761143 a composite number?
True
Is 81558958001 composite?
False
Is 27450077 prime?
True
Is 1884507217 a prime number?
True
Is 530065513 prime?
True
Is 355941643 composite?
False
Is 129014288591 a prime number?
False
Is 2554044341 composite?
True
Is 3849500867 a prime number?
True
Is 44606188609 a prime number?
True
Is 645033385 composite?
True
Is 65274133 a prime number?
True
Is 14408005133 composite?
False
Is 120881876701 a prime number?
False
Is 804043619 prime?
True
Is 9576981091 a composite number?
False
Is 113672192321 a composite number?
False
Is 48422723963 a composite number?
False
Is 151490201 prime?
True
Is 1246600979 a prime number?
False
Is 123345331 a composite number?
False
Is 4196599949 a prime number?
False
Is 2616688001 composite?
False
Is 3242734483 a composite number?
False
Is 339546157 a prime number?
True
Is 648073421 composite?
False
Is 1866373549 composite?
True
Is 5563564129 composite?
True
Is 8829020677 a composite number?
True
Is 780783506 prime?
False
Is 778609787 prime?
True
Is 34676881919 prime?
True
Is 2369973217 a prime number?
True
Is 570863923 composite?
True
Is 2151339469 a composite number?
True
Is 170377691 a prime number?
False
Is 53881903 composite?
True
Is 24101771803 composite?
True
Is 59085428307 a composite number?
True
Is 211733237 a prime number?
True
Is 13090956287 prime?
True
Is 14087104879 prime?
True
Is 1812234199 a composite number?
False
Is 994865341 a prime number?
True
Is 8699064683 composite?
True
Is 130634509451 a composite number?
True
Is 530999509 a prime number?
False
Is 4147960541 composite?
False
Is 387978263 a composite number?
True
Is 9529231279 composite?
False
Is 38228027 composite?
True
Is 711775247 prime?
True
Is 100805474647 a prime number?
True
Is 11934074197 a composite number?
False
Is 3663951323 composite?
False
Is 781481719 a composite number?
False
Is 6010557999 composite?
True
Is 18586801169 composite?
False
Is 2416541197 a prime number?
False
Is 23788054919 a composite number?
False
Is 42744467197 a composite number?
True
Is 6144370481 a prime number?
True
Is 652913399 prime?
True
Is 4916380543 prime?
True
Is 7170794717 a composite number?
False
Is 219881917 prime?
True
Is 110684879 a composite number?
True
Is 61955682869 a prime number?
True
Is 984735859 prime?
False
Is 71726353073 prime?
True
Is 3621692317 a prime number?
False
Is 2560210859 composite?
False
Is 931462733 prime?
True
Is 18285529 a prime number?
False
Is 28256971681 prime?
True
Is 4053338051 a composite number?
True
Is 4585145623 a composite number?
False
Is 5142273077 a prime number?
True
Is 1168925509 a composite number?
False
Is 790979393 prime?
True
Is 2471291773 a composite number?
False
Is 1191844747 prime?
False
Is 1761522383 composite?
False
Is 2150605399 a composite number?
True
Is 34334328926 prime?
False
Is 1366047931 a prime number?
True
Is 2147013653 prime?
False
Is 3012178717 a prime number?
False
Is 76109951 a prime number?
False
Is 27869271277 composite?
True
Is 4356765221 composite?
True
Is 2008637039 a prime number?
True
Is 167600647099 composite?
True
Is 930333331 a composite number?
False
Is 376225673 a composite number?
True
Is 2228972887 a prime number?
True
Is 16254686197 a prime number?
True
Is 517287553 a composite number?
False
Is 2020506463 prime?
True
Is 783132851 a prime number?
True
Is 1729415353 composite?
False
Is 3799361653 prime?
True
Is 57202168333 prime?
False
Is 5433458777 a composite number?
False
Is 15003098651 a composite number?
True
Is 204061098391 a prime number?
False
Is 556897 composite?
True
Is 28121173277 prime?
True
Is 190534819 prime?
False
Is 533272419619 a composite number?
False
Is 27349094021 composite?
False
Is 227212481 a composite number?
True
Is 108642952781 composite?
True
Is 8284902569 a composite number?
False
Is 6906815921 prime?
True
Is 2785018391 prime?
True
Is 629285183 composite?
True
Is 4416844387 composite?
True
Is 34685276897 prime?
False
Is 2808544399 prime?
False
Is 532207699 prime?
True
Is 9603488987 a prime number?
False
Is 3784006799 composite?
False
Is 1700918003 prime?
True
Is 7403001457 a composite number?
False
Is 819423677 prime?
True
Is 499230499 a composite number?
False
Is 2612325323 a composite number?
True
Is 49622090239 a prime number?
False
Is 28051503691 a composite number?
True
Is 64884428177 prime?
True
Is 196775849 a prime number?
False
Is 52206260893 prime?
True
Is 106509184779 a prime number?
False
Is 2752135 a prime number?
False
Is 1006775177 a prime number?
False
Is 48651748217 a composite number?
False
Is 8934933803 a composite number?
False
Is 555153299 a composite number?
True
Is 6540242927 a prime number?
True
Is 32727415411 composite?
True
Is 42434974667 composite?
False
Is 104937593 a prime number?
True
Is 82731688421 a prime number?
False
Is 46235896219 a prime number?
False
Is 6860144549 a composite number?
True
Is 22617390017 prime?
False
Is 422636527 a prime number?
False
Is 815091269 prime?
False
Is 34614907 a prime number?
False
Is 18746471663 composite?
True
Is 69827911511 a prime number?
False
Is 20247436847 prime?
False
Is 999062353 composite?
False
Is 1292093053 prime?
True
Is 707149699 a composite number?
True
Is 511226593 a prime number?
True
Is 4883800279 prime?
True
Is 6443604719 composite?
True
Is 118492939 a composite number?
True
Is 87041453 prime?
False
Is 14987300243 a composite number?
False
Is 2492739745 a composite number?
True
Is 24288226141 composite?
False
Is 4110551153 composite?
False
Is 43729991 prime?
True
Is 1224477571 a composite number?
False
Is 944863397 a composite number?
False
Is 2531380039 prime?
True
Is 304247773 prime?
True
Is 230711659 composite?
False
Is 26941381417 prime?
False
Is 1615425193 a prime number?
False
Is 77606218601 a prime number?
True
Is 401583823 prime?
False
Is 2080434929 a composite number?
False
Is 7094147273 composite?
False
Is 2096481251 prime?
True
Is 289164565 a prime number?
False
Is 569295469 a composite number?
True
Is 2731093594 prime?
False
Is 7789073 a composite number?
False
Is 1992574049 prime?
True
Is 20130251759 a composite number?
True
Is 106122017 composite?
False
Is 9328014877 a prime number?
False
Is 26610373381 a prime number?
False
Is 13393645901 a prime number?
True
Is 19394717 prime?